of 3964760.
2, 5, 99119
What are the prime factors of 229704?
2, 3, 17, 563
What are the prime factors of 415854?
2, 3, 17, 151
What are the prime factors of 4139140?
2, 5, 349, 593
List the prime factors of 588046.
2, 294023
What are the prime factors of 13191995?
5, 23, 114713
What are the prime factors of 7889160?
2, 3, 5, 29, 2267
What are the prime factors of 1050712?
2, 13, 10103
List the prime factors of 823600.
2, 5, 29, 71
What are the prime factors of 889335?
3, 5, 19763
What are the prime factors of 14268133?
11, 1297103
What are the prime factors of 215275?
5, 79, 109
List the prime factors of 558960.
2, 3, 5, 17, 137
What are the prime factors of 15827925?
3, 5, 211039
What are the prime factors of 2368998?
2, 3, 131611
List the prime factors of 1406175.
3, 5, 18749
List the prime factors of 11917.
17, 701
What are the prime factors of 229500?
2, 3, 5, 17
What are the prime factors of 481592?
2, 37, 1627
List the prime factors of 11733196.
2, 17, 109, 1583
List the prime factors of 263537.
263537
What are the prime factors of 14332757?
29, 31, 107, 149
List the prime factors of 119051.
17, 47, 149
What are the prime factors of 125298?
2, 3, 6961
List the prime factors of 1889056.
2, 13, 19, 239
What are the prime factors of 14885108?
2, 7, 531611
List the prime factors of 265784.
2, 33223
List the prime factors of 528102.
2, 3, 29339
What are the prime factors of 354455?
5, 70891
List the prime factors of 1841267.
1841267
List the prime factors of 15859.
15859
List the prime factors of 3346500.
2, 3, 5, 23, 97
What are the prime factors of 10944562?
2, 101, 54181
List the prime factors of 144992.
2, 23, 197
List the prime factors of 2128748.
2, 532187
What are the prime factors of 272381?
272381
What are the prime factors of 271119?
3, 90373
List the prime factors of 6190586.
2, 379, 8167
List the prime factors of 13860462.
2, 3, 7, 11, 19, 1579
What are the prime factors of 929210?
2, 5, 92921
What are the prime factors of 533293?
31, 17203
List the prime factors of 4295647.
281, 15287
List the prime factors of 350228.
2, 87557
What are the prime factors of 1229234?
2, 614617
List the prime factors of 272239.
11, 24749
List the prime factors of 2027022.
2, 3, 337837
List the prime factors of 151989.
3, 29, 1747
List the prime factors of 743053.
17, 109, 401
What are the prime factors of 5516825?
5, 220673
List the prime factors of 53671.
191, 281
List the prime factors of 95508.
2, 3, 7, 379
List the prime factors of 5339348.
2, 7, 41, 4651
List the prime factors of 3044210.
2, 5, 13, 23417
List the prime factors of 1072521.
3, 13241
What are the prime factors of 18734500?
2, 5, 89, 421
List the prime factors of 12863007.
3, 47, 647
List the prime factors of 19105.
5, 3821
List the prime factors of 31330623.
3, 23, 47, 9661
List the prime factors of 4442380.
2, 5, 389, 571
What are the prime factors of 341?
11, 31
What are the prime factors of 3895289?
3895289
List the prime factors of 24560500.
2, 5, 49121
What are the prime factors of 12733?
7, 17, 107
What are the prime factors of 569906?
2, 79, 3607
List the prime factors of 378666.
2, 3, 109, 193
List the prime factors of 717497.
11, 19, 3433
List the prime factors of 19939211.
29, 687559
What are the prime factors of 414822?
2, 3, 47, 1471
What are the prime factors of 406815?
3, 5, 37, 733
List the prime factors of 2752946.
2, 7, 17, 43, 269
List the prime factors of 8220240.
2, 3, 5, 7, 233
List the prime factors of 134142.
2, 3, 79, 283
What are the prime factors of 2322617?
11, 19, 11113
What are the prime factors of 311883?
3, 11, 13, 727
What are the prime factors of 513259?
71, 7229
List the prime factors of 68009.
47, 1447
What are the prime factors of 2753777?
13, 47, 4507
List the prime factors of 1466221.
71, 107, 193
List the prime factors of 25196445.
3, 5, 37, 409
List the prime factors of 5475660.
2, 3, 5, 263, 347
What are the prime factors of 16973110?
2, 5, 7, 11, 47, 67
List the prime factors of 34392753.
3, 29, 313, 421
What are the prime factors of 1338825?
3, 5, 17851
List the prime factors of 2312109.
3, 256901
List the prime factors of 284332.
2, 31, 2293
What are the prime factors of 452171?
452171
What are the prime factors of 457472?
2, 1787
List the prime factors of 12234.
2, 3, 2039
What are the prime factors of 48236?
2, 31, 389
List the prime factors of 1427447.
7, 203921
What are the prime factors of 3397349?
149, 151
What are the prime factors of 4878043?
37, 131839
List the prime factors of 4004767.
13, 179, 1721
List the prime factors of 1644122.
2, 769, 1069
List the prime factors of 572633.
572633
List the prime factors of 4102835.
5, 11, 74597
What are the prime factors of 6384249?
3, 71, 97, 103
List the prime factors of 792403.
53, 14951
List the prime factors of 2350284.
2, 3, 17, 41, 281
What are the prime factors of 1000045?
5, 200009
What are the prime factors of 11653584?
2, 3, 107, 2269
List the prime factors of 50595.
3, 5, 3373
List the prime factors of 819049.
7, 11, 967
List the prime factors of 365935.
5, 163, 449
What are the prime factors of 1388193?
3, 139, 3329
What are the prime factors of 324360?
2, 3, 5, 17, 53
What are the prime factors of 622089?
3, 13, 409
What are the prime factors of 8111089?
7, 773, 1499
What are the prime factors of 344429?
344429
What are the prime factors of 3074987?
3074987
List the prime factors of 92368.
2, 23, 251
What are the prime factors of 1137861?
3, 17, 37, 67
What are the prime factors of 75324?
2, 3, 6277
List the prime factors of 220147.
220147
List the prime factors of 6956691.
3, 7, 337, 983
List the prime factors of 11277949.
11277949
List the prime factors of 21910959.
3, 7, 115931
What are the prime factors of 5352060?
2, 3, 5, 7, 12743
What are the prime factors of 178458?
2, 3, 7, 607
What are the prime factors of 7603049?
47, 83, 1949
List the prime factors of 10325256.
2, 3, 17, 25307
List the prime factors of 1469213.
19, 53, 1459
What are the prime factors of 61596?
2, 3, 29, 59
What are the prime factors of 29246?
2, 7, 2089
What are the prime factors of 814638?
2, 3, 11, 12343
What are the prime factors of 94220?
2, 5, 7, 673
What are the prime factors of 214614?
2, 3, 11923
What are the prime factors of 7900879?
7, 1128697
List the prime factors of 2106537.
3, 702179
List the prime factors of 171526.
2, 139, 617
List the prime factors of 18375411.
3, 6125137
List the prime factors of 16532982.
2, 3, 31, 29629
What are the prime factors of 88920?
2, 3, 5, 13, 19
List the prime factors of 861268.
2, 215317
What are the prime factors of 991939?
13, 76303
What are the prime factors of 13288594?
2, 11, 17, 35531
List the prime factors of 3525990.
2, 3, 5, 13, 9041
What are the prime factors of 11943487?
67, 178261
List the prime factors of 5134767.
3, 11, 155599
What are the prime factors of 104778?
2, 3, 5821
What are the prime factors of 153619?
149, 1031
What are the prime factors of 309242?
2, 154621
What are the prime factors of 2681925?
3, 5, 35759
What are the prime factors of 21871266?
2, 3, 71, 51341
List the prime factors of 15425553.
3, 11, 13, 41, 877
List the prime factors of 1610125.
5, 11, 1171
List the prime factors of 2090030.
2, 5, 29, 7207
What are the prime factors of 110648?
2, 13831
What are the prime factors of 7274137?
13, 559549
What are the prime factors of 3851053?
19, 157, 1291
List the prime factors of 10459164.
2, 3, 871597
What are the prime factors of 166488?
2, 3, 7, 991
List the prime factors of 309664.
2, 9677
What are the prime factors of 25246667?
101, 249967
List the prime factors of 590437.
590437
List the prime factors of 6866528.
2, 89, 2411
List the prime factors of 3461119.
31, 311, 359
List the prime factors of 3448396.
2, 7, 107, 1151
What are the prime factors of 292970?
2, 5, 29297
What are the prime factors of 4496766?
2, 3, 749461
List the prime factors of 5365123.
293, 18311
What are the prime factors of 604502?
2, 409, 739
List the prime factors of 23480028.
2, 3, 11, 13, 4561
What are the prime factors of 808881?
3, 79, 3413
What are the prime factors of 929272?
2, 116159
What are the prime factors of 1441808?
2, 97, 929
What are the prime factors of 855529?
29, 29501
List the prime factors of 1770671.
7, 443, 571